{"id":1666,"date":"2016-04-09T16:56:17","date_gmt":"2016-04-09T16:56:17","guid":{"rendered":"https:\/\/okab.local\/okab\/?page_id=1666"},"modified":"2024-10-03T15:45:43","modified_gmt":"2024-10-03T18:45:43","slug":"lassesiones","status":"publish","type":"page","link":"https:\/\/www.veronicalopez.cl\/index.php\/lassesiones\/","title":{"rendered":"LAS SESIONES"},"content":{"rendered":"<section class=\"wpb-content-wrapper\"><p>[vc_section full_width=&#8221;stretch_row&#8221;][vc_row bg_type=&#8221;&#8221; dima_canvas_style=&#8221;&#8221; translate_x=&#8221;0&#8243; dima_z_index=&#8221;0&#8243; delay=&#8221;&#8221; delay_duration=&#8221;&#8221; delay_offset=&#8221;&#8221; id=&#8221;&#8221; class=&#8221;&#8221; css=&#8221;.vc_custom_1727882631626{padding-top: 100px !important;padding-bottom: 80px !important;}&#8221; border_color=&#8221;&#8221;][vc_column min_height=&#8221;&#8221; bg_type=&#8221;&#8221; dima_canvas_style=&#8221;&#8221; translate_x=&#8221;0&#8243; dima_z_index=&#8221;0&#8243; delay=&#8221;&#8221; delay_duration=&#8221;&#8221; delay_offset=&#8221;&#8221; width=&#8221;1\/1&#8243;]<h4 style=\"text-align: center;\"><strong>\u00a0\u00bfQu\u00e9 esperar de las sesiones?<\/strong><\/h4>\n<div  class=\"dima-divider line-hr\" ><\/div>[\/vc_column][\/vc_row][vc_row bg_type=&#8221;&#8221; dima_canvas_style=&#8221;&#8221; translate_x=&#8221;0&#8243; dima_z_index=&#8221;0&#8243; delay=&#8221;&#8221; delay_duration=&#8221;&#8221; delay_offset=&#8221;&#8221; id=&#8221;&#8221; class=&#8221;&#8221; border_color=&#8221;&#8221; css=&#8221;.vc_custom_1727882518078{padding-top: 1px !important;padding-bottom: 1px !important;}&#8221;][vc_column min_height=&#8221;&#8221; bg_type=&#8221;&#8221; dima_canvas_style=&#8221;&#8221; translate_x=&#8221;0&#8243; dima_z_index=&#8221;0&#8243; delay=&#8221;&#8221; delay_duration=&#8221;&#8221; delay_offset=&#8221;&#8221; width=&#8221;1\/1&#8243;]<h5 class=\"info__subtitle ca-subtitle-gE7DqB\">NO TE PREOCUPES, QUE TE GU\u00cdO EN EL PROCESO<\/h5>\n<p>Hola! Soy Ver\u00f3nica y ser\u00e9 tu compa\u00f1era en este viaje. Aqu\u00ed te explico c\u00f3mo es mi sistema de trabajo y qu\u00e9 puedes esperar de mi.<\/p>\n[\/vc_column][\/vc_row][\/vc_section][vc_row bg_type=&#8221;&#8221; dima_canvas_style=&#8221;&#8221; translate_x=&#8221;0&#8243; dima_z_index=&#8221;0&#8243; animation=&#8221;fadeInUp&#8221; delay=&#8221;&#8221; delay_duration=&#8221;&#8221; delay_offset=&#8221;&#8221; id=&#8221;&#8221; class=&#8221;&#8221; css=&#8221;.vc_custom_1727980544143{padding-top: 8px !important;padding-bottom: 8px !important;}&#8221; border_color=&#8221;&#8221;][vc_column min_height=&#8221;&#8221; bg_type=&#8221;&#8221; dima_canvas_style=&#8221;&#8221; translate_x=&#8221;0&#8243; dima_z_index=&#8221;0&#8243; delay=&#8221;&#8221; delay_duration=&#8221;&#8221; delay_offset=&#8221;&#8221; width=&#8221;1\/4&#8243;]<div  class=\"dima-team\" ><div class=\"dima-team-member\"><div class=\"team-img\"><div class=\"fix-chrome\"><figure><img decoding=\"async\" src=\"https:\/\/www.veronicalopez.cl\/wp-content\/uploads\/2024\/10\/30072023-_DSC4216-scaled.jpg\" alt=\"01. CONVERSEMOS\"><\/figure><div class=\"post-icon link_overlay\"><ul class=\"icons-media\"><li    ><a href=\"\" data-toggle=\"tooltip\" data-trigger=\"hover\" data-placement=\"bottom\"  target=\"\" title=\"\"><i class=\"fas fa-comment\"><\/i><\/a><\/li><\/ul> <span class=\"topaz-hover\" ><\/span ><\/div><\/div><\/div><\/div><div class=\"dima-team-content text-center\" style=\";background-color:#f7f7f7\"><div class=\"member-name\"><h5 style=\";\">01. CONVERSEMOS<\/h5><\/div><p style=\";background-color:#f7f7f7\">\u00bfTe quieres hacer una sesi\u00f3n, pero no sabes de qu\u00e9 se trata o no sabes si soy la persona indicada? Conversemos. si bien tengo un estilo y una forma de trabajar, siempre se puede conversar y llegar a acuerdos.<\/p><\/div><\/div>[\/vc_column][vc_column min_height=&#8221;&#8221; bg_type=&#8221;&#8221; dima_canvas_style=&#8221;&#8221; translate_x=&#8221;0&#8243; dima_z_index=&#8221;0&#8243; delay=&#8221;&#8221; delay_duration=&#8221;&#8221; delay_offset=&#8221;&#8221; width=&#8221;1\/4&#8243;]<div  class=\"dima-team\" ><div class=\"dima-team-member\"><div class=\"team-img\"><div class=\"fix-chrome\"><figure><img decoding=\"async\" src=\"https:\/\/www.veronicalopez.cl\/wp-content\/uploads\/2024\/10\/30072023-_DSC4459-scaled.jpg\" alt=\"02. ELIJAMOS UN LUGAR\"><\/figure><div class=\"post-icon link_overlay\"><ul class=\"icons-media\"><li    ><a href=\"\" data-toggle=\"tooltip\" data-trigger=\"hover\" data-placement=\"bottom\"  target=\"\" title=\"\"><i class=\"fas fa-map-marker-alt\"><\/i><\/a><\/li><\/ul> <span class=\"topaz-hover\" ><\/span ><\/div><\/div><\/div><\/div><div class=\"dima-team-content text-center\" style=\";background-color:#f7f7f7\"><div class=\"member-name\"><h5 style=\";\">02. ELIJAMOS UN LUGAR<\/h5><\/div><p style=\";background-color:#f7f7f7\">Me interesa que est\u00e9n c\u00f3modos, por eso me gustan las sesiones al aire libre y poder elegir el lugar en conjunto. Te puedo sugerir lugares y tambi\u00e9n escucho tus propuestas.<\/p><\/div><\/div>[\/vc_column][vc_column min_height=&#8221;&#8221; bg_type=&#8221;&#8221; dima_canvas_style=&#8221;&#8221; translate_x=&#8221;0&#8243; dima_z_index=&#8221;0&#8243; delay=&#8221;&#8221; delay_duration=&#8221;&#8221; delay_offset=&#8221;&#8221; width=&#8221;1\/4&#8243;]<div  class=\"dima-team\" ><div class=\"dima-team-member\"><div class=\"team-img\"><div class=\"fix-chrome\"><figure><img decoding=\"async\" src=\"https:\/\/www.veronicalopez.cl\/wp-content\/uploads\/2024\/10\/28072023-_DSC3346-scaled.jpg\" alt=\"03. EL D\u00cdA DE LA SESI\u00d3N\"><\/figure><div class=\"post-icon link_overlay\"><ul class=\"icons-media\"><li    ><a href=\"\" data-toggle=\"tooltip\" data-trigger=\"hover\" data-placement=\"bottom\"  target=\"\" title=\"\"><i class=\"fas fa-sun\"><\/i><\/a><\/li><\/ul> <span class=\"topaz-hover\" ><\/span ><\/div><\/div><\/div><\/div><div class=\"dima-team-content text-center\" style=\";background-color:#f7f7f7\"><div class=\"member-name\"><h5 style=\";\">03. EL D\u00cdA DE LA SESI\u00d3N<\/h5><\/div><p style=\";background-color:#f7f7f7\">\u00a1Me gustan las fotos naturales! Les pedir\u00e9 que interact\u00faen entre uds: conversen, jueguen, caminen. Intentar\u00e9 captar esos momentos sin interferir mucho, sin embargo, si veo que necesitan una gu\u00eda, obvio que les dar\u00e9 algunas pautas. \u00a1Tambi\u00e9n podemos generar escenas que uds tengan en mente!<\/p><\/div><\/div>[\/vc_column][vc_column min_height=&#8221;&#8221; bg_type=&#8221;&#8221; dima_canvas_style=&#8221;&#8221; translate_x=&#8221;0&#8243; dima_z_index=&#8221;0&#8243; delay=&#8221;&#8221; delay_duration=&#8221;&#8221; delay_offset=&#8221;&#8221; width=&#8221;1\/4&#8243;]<div  class=\"dima-team\" ><div class=\"dima-team-member\"><div class=\"team-img\"><div class=\"fix-chrome\"><figure><img decoding=\"async\" src=\"https:\/\/www.veronicalopez.cl\/wp-content\/uploads\/2024\/10\/04082023-_DSC4769-scaled.jpg\" alt=\"04. TERMINAMOS LA SESI\u00d3N. \u00bfY AHORA?\"><\/figure><div class=\"post-icon link_overlay\"><ul class=\"icons-media\"><li    ><a href=\"\" data-toggle=\"tooltip\" data-trigger=\"hover\" data-placement=\"bottom\"  target=\"\" title=\"\"><i class=\"fas fa-camera-retro\"><\/i><\/a><\/li><\/ul> <span class=\"topaz-hover\" ><\/span ><\/div><\/div><\/div><\/div><div class=\"dima-team-content text-center\" style=\";background-color:#f7f7f7\"><div class=\"member-name\"><h5 style=\";\">04. TERMINAMOS LA SESI\u00d3N. \u00bfY AHORA?<\/h5><\/div><p style=\";background-color:#f7f7f7\">Har\u00e9 una pre selecci\u00f3n de las fotos (donde eliminar\u00e9 las que tengan expresiones raras, ojos cerrados entre otras cosas). Cuando est\u00e9 lista recibir\u00e1s un correo con un link, donde podr\u00e1s elegir tus fotos favoritas.<\/p><\/div><\/div>[\/vc_column][\/vc_row][vc_row bg_type=&#8221;&#8221; dima_canvas_style=&#8221;&#8221; translate_x=&#8221;0&#8243; dima_z_index=&#8221;0&#8243; delay=&#8221;&#8221; delay_duration=&#8221;&#8221; delay_offset=&#8221;&#8221; id=&#8221;&#8221; class=&#8221;&#8221; css=&#8221;.vc_custom_1727883573238{padding-top: 8px !important;padding-bottom: 8px !important;}&#8221; border_color=&#8221;&#8221;][vc_column min_height=&#8221;&#8221; bg_type=&#8221;&#8221; dima_canvas_style=&#8221;&#8221; translate_x=&#8221;0&#8243; dima_z_index=&#8221;0&#8243; delay=&#8221;&#8221; delay_duration=&#8221;&#8221; delay_offset=&#8221;&#8221; width=&#8221;1\/4&#8243;]<div  class=\"dima-team\" ><div class=\"dima-team-member\"><div class=\"team-img\"><div class=\"fix-chrome\"><figure><img decoding=\"async\" src=\"https:\/\/www.veronicalopez.cl\/wp-content\/uploads\/2024\/10\/12082023-_DSC5016-scaled.jpg\" alt=\"05. SELECCI\u00d3N FAVORITAS\"><\/figure><div class=\"post-icon link_overlay\"><ul class=\"icons-media\"><li    ><a href=\"\" data-toggle=\"tooltip\" data-trigger=\"hover\" data-placement=\"bottom\"  target=\"\" title=\"\"><i class=\"far fa-hand-pointer\"><\/i><\/a><\/li><\/ul> <span class=\"topaz-hover\" ><\/span ><\/div><\/div><\/div><\/div><div class=\"dima-team-content text-center\" style=\";background-color:#f7f7f7\"><div class=\"member-name\"><h5 style=\";\">05. SELECCI\u00d3N FAVORITAS<\/h5><\/div><p style=\";background-color:#f7f7f7\">Tendr\u00e1s 7 d\u00edas para elegir tus favoritas. Si te gustan m\u00e1s fotos de las que contrataste en tu pack, \u00a1NO TE PREOCUPES! tendr\u00e1s la oportunidad de comprarlas por un costo extra.<\/p><\/div><\/div>[\/vc_column][vc_column min_height=&#8221;&#8221; bg_type=&#8221;&#8221; dima_canvas_style=&#8221;&#8221; translate_x=&#8221;0&#8243; dima_z_index=&#8221;0&#8243; delay=&#8221;&#8221; delay_duration=&#8221;&#8221; delay_offset=&#8221;&#8221; width=&#8221;1\/4&#8243;]<div  class=\"dima-team\" ><div class=\"dima-team-member\"><div class=\"team-img\"><div class=\"fix-chrome\"><figure><img decoding=\"async\" src=\"https:\/\/www.veronicalopez.cl\/wp-content\/uploads\/2024\/10\/13082023-_DSC5289-scaled.jpg\" alt=\"06. EDICI\u00d3N\"><\/figure><div class=\"post-icon link_overlay\"><ul class=\"icons-media\"><li    ><a href=\"\" data-toggle=\"tooltip\" data-trigger=\"hover\" data-placement=\"bottom\"  target=\"\" title=\"\"><i class=\"fas fa-edit\"><\/i><\/a><\/li><\/ul> <span class=\"topaz-hover\" ><\/span ><\/div><\/div><\/div><\/div><div class=\"dima-team-content text-center\" style=\";background-color:#f7f7f7\"><div class=\"member-name\"><h5 style=\";\">06. EDICI\u00d3N<\/h5><\/div><p style=\";background-color:#f7f7f7\">Una vez finalizada tu selecci\u00f3n de fotos, las preparar\u00e9 con mucho cari\u00f1o para que recibas el mejor material. Har\u00e9 correcciones de luz y tonos, para darle ese toque especial que ves en mis fotos. Quiz\u00e1s borre algunos detalles indeseados, pero no cambiar\u00e9 la esencia de las personas en la foto.<\/p><\/div><\/div>[\/vc_column][vc_column min_height=&#8221;&#8221; bg_type=&#8221;&#8221; dima_canvas_style=&#8221;&#8221; translate_x=&#8221;0&#8243; dima_z_index=&#8221;0&#8243; delay=&#8221;&#8221; delay_duration=&#8221;&#8221; delay_offset=&#8221;&#8221; width=&#8221;1\/4&#8243;]<div  class=\"dima-team\" ><div class=\"dima-team-member\"><div class=\"team-img\"><div class=\"fix-chrome\"><figure><img decoding=\"async\" src=\"https:\/\/www.veronicalopez.cl\/wp-content\/uploads\/2024\/10\/20082023-_DSC5714-scaled.jpg\" alt=\"07. ENTREGA\"><\/figure><div class=\"post-icon link_overlay\"><ul class=\"icons-media\"><li    ><a href=\"\" data-toggle=\"tooltip\" data-trigger=\"hover\" data-placement=\"bottom\"  target=\"\" title=\"\"><i class=\"fas fa-truck\"><\/i><\/a><\/li><\/ul> <span class=\"topaz-hover\" ><\/span ><\/div><\/div><\/div><\/div><div class=\"dima-team-content text-center\" style=\";background-color:#f7f7f7\"><div class=\"member-name\"><h5 style=\";\">07. ENTREGA<\/h5><\/div><p style=\";background-color:#f7f7f7\">Una vez realizado el pago, te llegar\u00e1 un link con las fotos en alta calidad para que puedas hacer uso de ellas como quieras. Tambi\u00e9n ir\u00e1 un link en baja calidad para que puedas compartirlas f\u00e1cilmente en redes sociales o por correo.<\/p><\/div><\/div>[\/vc_column][vc_column min_height=&#8221;&#8221; bg_type=&#8221;&#8221; dima_canvas_style=&#8221;&#8221; translate_x=&#8221;0&#8243; dima_z_index=&#8221;0&#8243; delay=&#8221;&#8221; delay_duration=&#8221;&#8221; delay_offset=&#8221;&#8221; width=&#8221;1\/4&#8243;]<div  class=\"dima-team\" ><div class=\"dima-team-member\"><div class=\"team-img\"><div class=\"fix-chrome\"><figure><img decoding=\"async\" src=\"https:\/\/www.veronicalopez.cl\/wp-content\/uploads\/2024\/10\/01092023-_DSC5836-scaled.jpg\" alt=\"08. PROMOCI\u00d3N\"><\/figure><div class=\"post-icon link_overlay\"><ul class=\"icons-media\"><li    ><a href=\"\" data-toggle=\"tooltip\" data-trigger=\"hover\" data-placement=\"bottom\"  target=\"\" title=\"\"><i class=\"fas fa-audio-description\"><\/i><\/a><\/li><\/ul> <span class=\"topaz-hover\" ><\/span ><\/div><\/div><\/div><\/div><div class=\"dima-team-content text-center\" style=\";background-color:#f7f7f7\"><div class=\"member-name\"><h5 style=\";\">08. PROMOCI\u00d3N<\/h5><\/div><p style=\";background-color:#f7f7f7\">Las fotos que realizo son mi mejor sistema de promoci\u00f3n. Agradecer\u00e9 compartirlas entre tus amistades y familia, asi como tambi\u00e9n tus comentarios me sirven para crecer y recomendar mi servicio. GRACIAS.<\/p><\/div><\/div>[\/vc_column][\/vc_row]<\/p>\n<\/section>","protected":false},"excerpt":{"rendered":"<p>[vc_section full_width=&#8221;stretch_row&#8221;][vc_row bg_type=&#8221;&#8221; dima_canvas_style=&#8221;&#8221; translate_x=&#8221;0&#8243; dima_z_index=&#8221;0&#8243; delay=&#8221;&#8221; delay_duration=&#8221;&#8221; delay_offset=&#8221;&#8221; id=&#8221;&#8221; class=&#8221;&#8221; css=&#8221;.vc_custom_1727882631626{padding-top: 100px !important;padding-bottom: 80px !important;}&#8221; border_color=&#8221;&#8221;][vc_column min_height=&#8221;&#8221; bg_type=&#8221;&#8221; dima_canvas_style=&#8221;&#8221; translate_x=&#8221;0&#8243; dima_z_index=&#8221;0&#8243; delay=&#8221;&#8221; delay_duration=&#8221;&#8221; delay_offset=&#8221;&#8221; width=&#8221;1\/1&#8243;][\/vc_column][\/vc_row][vc_row bg_type=&#8221;&#8221; dima_canvas_style=&#8221;&#8221; translate_x=&#8221;0&#8243; dima_z_index=&#8221;0&#8243; delay=&#8221;&#8221; delay_duration=&#8221;&#8221; delay_offset=&#8221;&#8221; id=&#8221;&#8221; class=&#8221;&#8221; border_color=&#8221;&#8221; css=&#8221;.vc_custom_1727882518078{padding-top: 1px !important;padding-bottom: 1px !important;}&#8221;][vc_column min_height=&#8221;&#8221; bg_type=&#8221;&#8221; dima_canvas_style=&#8221;&#8221; translate_x=&#8221;0&#8243; dima_z_index=&#8221;0&#8243; delay=&#8221;&#8221; delay_duration=&#8221;&#8221; delay_offset=&#8221;&#8221; width=&#8221;1\/1&#8243;][\/vc_column][\/vc_row][\/vc_section][vc_row bg_type=&#8221;&#8221; dima_canvas_style=&#8221;&#8221; translate_x=&#8221;0&#8243; dima_z_index=&#8221;0&#8243; animation=&#8221;fadeInUp&#8221; [&hellip;]<\/p>\n","protected":false},"author":1,"featured_media":0,"parent":0,"menu_order":0,"comment_status":"closed","ping_status":"closed","template":"","meta":{"footnotes":""},"class_list":["post-1666","page","type-page","status-publish","hentry"],"_links":{"self":[{"href":"https:\/\/www.veronicalopez.cl\/index.php\/wp-json\/wp\/v2\/pages\/1666","targetHints":{"allow":["GET"]}}],"collection":[{"href":"https:\/\/www.veronicalopez.cl\/index.php\/wp-json\/wp\/v2\/pages"}],"about":[{"href":"https:\/\/www.veronicalopez.cl\/index.php\/wp-json\/wp\/v2\/types\/page"}],"author":[{"embeddable":true,"href":"https:\/\/www.veronicalopez.cl\/index.php\/wp-json\/wp\/v2\/users\/1"}],"replies":[{"embeddable":true,"href":"https:\/\/www.veronicalopez.cl\/index.php\/wp-json\/wp\/v2\/comments?post=1666"}],"version-history":[{"count":66,"href":"https:\/\/www.veronicalopez.cl\/index.php\/wp-json\/wp\/v2\/pages\/1666\/revisions"}],"predecessor-version":[{"id":6666,"href":"https:\/\/www.veronicalopez.cl\/index.php\/wp-json\/wp\/v2\/pages\/1666\/revisions\/6666"}],"wp:attachment":[{"href":"https:\/\/www.veronicalopez.cl\/index.php\/wp-json\/wp\/v2\/media?parent=1666"}],"curies":[{"name":"wp","href":"https:\/\/api.w.org\/{rel}","templated":true}]}}