{"id":1445,"date":"2016-04-08T12:47:09","date_gmt":"2016-04-08T12:47:09","guid":{"rendered":"https:\/\/okab.local\/okab\/?page_id=1445"},"modified":"2024-10-03T15:26:13","modified_gmt":"2024-10-03T18:26:13","slug":"testimonios","status":"publish","type":"page","link":"https:\/\/www.veronicalopez.cl\/index.php\/testimonios\/","title":{"rendered":"TESTIMONIOS"},"content":{"rendered":"<section class=\"wpb-content-wrapper\"><p>[vc_row section_content=&#8221;inside_container&#8221; content_position=&#8221;start&#8221; bg_type=&#8221;&#8221; dima_canvas_style=&#8221;&#8221; translate_x=&#8221;0&#8243; dima_z_index=&#8221;0&#8243; delay=&#8221;&#8221; delay_duration=&#8221;&#8221; delay_offset=&#8221;&#8221; top_and_bottom_padding=&#8221;&#8221; left_and_right_padding=&#8221;&#8221; bg_image=&#8221;1351&#8243; class=&#8221;&#8221; style=&#8221;&#8221; id=&#8221;&#8221; border_color=&#8221;&#8221; css=&#8221;.vc_custom_1727979970449{padding-top: 100px !important;padding-bottom: 80px !important;background-color: #ffffff !important;}&#8221; tutorials=&#8221;&#8221;][vc_column min_height=&#8221;&#8221; bg_type=&#8221;&#8221; dima_canvas_style=&#8221;&#8221; translate_x=&#8221;0&#8243; dima_z_index=&#8221;0&#8243; delay=&#8221;&#8221; delay_duration=&#8221;&#8221; delay_offset=&#8221;&#8221; top_and_bottom_padding=&#8221;&#8221; left_and_right_padding=&#8221;&#8221; width=&#8221;1\/1&#8243;]<h4 style=\"text-align: center;\"><strong>Palabras bonitas de mis clientes<\/strong><\/h4>\n<div  class=\"dima-divider full-divider line-hr\" ><\/div><div  class=\"dima-clear\" style=\"padding-bottom:15px\"><\/div><div  class=\"owl-slider\"><ul class=\"owl-carousel owl-theme owl-rtl owl-darck\" data-dima-element=\"owl_slider\" data-dima-params=\"{&quot;pagination&quot;:true,&quot;auto_play&quot;:true,&quot;navigation&quot;:false,&quot;loop&quot;:true,&quot;mouse_wheel&quot;:false,&quot;items&quot;:1,&quot;items_phone&quot;:1,&quot;items_tablet&quot;:1,&quot;items_margin&quot;:0,&quot;smart_speed&quot;:&quot;250&quot;,&quot;autoplay_speed&quot;:&quot;700&quot;,&quot;dots_speed&quot;:&quot;500&quot;,&quot;is_rtl&quot;:false}\" data-owl-namber=\"3\"><li   class=\"owl-item\" ><div   class=\"dima-testimonial  quote-top-center-arrow text-center no-arrow quote-text quote-style\"><span data-element-bg=\"https:\/\/www.veronicalopez.cl\/wp-content\/uploads\/2024\/09\/28072023-_DSC3350-1.jpg\" class=\"dima-testimonial-image\"><\/span><blockquote  class=\"without-icon\"><div class=\"quote-content\"><p>Me encant\u00f3 la sesi\u00f3n de fotos que nos hizo Ver\u00f3nica. Tiene muy buen ojo para capturar el momento preciso de forma espont\u00e1nea y natural. La calidad de la foto adem\u00e1s es excelente y el \u00e1ngulo en que captura el momento es perfecto.<\/p><span class=\"dima-testimonial-meta\"><a  href=\"#\"  ><strong>Nicole<\/strong><\/a> <\/span><\/span><\/span><\/div><\/blockquote><\/div><\/li><li   class=\"owl-item\" ><div   class=\"dima-testimonial  quote-top-center-arrow text-center no-arrow quote-text quote-style\"><span data-element-bg=\"https:\/\/www.veronicalopez.cl\/wp-content\/uploads\/2024\/03\/13082023-_DSC5284.jpg\" class=\"dima-testimonial-image\"><\/span><blockquote  class=\"without-icon\"><div class=\"quote-content\"><p>Las sesiones con Vero son un verdadero disfrute, un panorama! Mis hijas ni notan cu\u00e1ndo est\u00e1n siendo fotografiadas y eso permite que todo fluya con naturalidad. Vero capta momentos m\u00e1gicos, miradas y movimientos naturales, recuerdos reales del presente y no impostados. El manejo de la luz, la composici\u00f3n y el gran conocimiento de la geograf\u00eda de la regi\u00f3n hace posible elegir el ambiente y contexto ideal para la sesi\u00f3n fotogr\u00e1fica, la recomiendo mil y un veces!<\/p><span class=\"dima-testimonial-meta\"><a  href=\"#\"  ><strong>Vanessa<\/strong><\/a> <\/span><\/span><\/span><\/div><\/blockquote><\/div><\/li><li   class=\"owl-item\" ><div   class=\"dima-testimonial  quote-top-center-arrow text-center no-arrow quote-text quote-style\"><span data-element-bg=\"https:\/\/www.veronicalopez.cl\/wp-content\/uploads\/2024\/09\/DSC07969-scaled.jpg\" class=\"dima-testimonial-image\"><\/span><blockquote  class=\"without-icon\"><div class=\"quote-content\"><p>Vero, te quiero agradecer por todas las sesiones de fotos que me has realizado a m\u00ed y a mi proyecto. Realmente haces un trabajo incre\u00edble, lleno de detalles y profesionalismo. Infinitas gracias por dejar esos registros maravillosos con tu c\u00e1mara \ud83d\udcf7.<\/p><span class=\"dima-testimonial-meta\"><a  href=\"#\"  ><strong>Pamela<\/strong><\/a> <\/span><\/span><\/span><\/div><\/blockquote><\/div><\/li><\/ul><\/div>[\/vc_column][\/vc_row]<\/p>\n<\/section>","protected":false},"excerpt":{"rendered":"<p>[vc_row section_content=&#8221;inside_container&#8221; content_position=&#8221;start&#8221; bg_type=&#8221;&#8221; dima_canvas_style=&#8221;&#8221; translate_x=&#8221;0&#8243; dima_z_index=&#8221;0&#8243; delay=&#8221;&#8221; delay_duration=&#8221;&#8221; delay_offset=&#8221;&#8221; top_and_bottom_padding=&#8221;&#8221; left_and_right_padding=&#8221;&#8221; bg_image=&#8221;1351&#8243; class=&#8221;&#8221; style=&#8221;&#8221; id=&#8221;&#8221; border_color=&#8221;&#8221; css=&#8221;.vc_custom_1727979970449{padding-top: 100px !important;padding-bottom: 80px !important;background-color: #ffffff !important;}&#8221; tutorials=&#8221;&#8221;][vc_column min_height=&#8221;&#8221; bg_type=&#8221;&#8221; dima_canvas_style=&#8221;&#8221; translate_x=&#8221;0&#8243; dima_z_index=&#8221;0&#8243; delay=&#8221;&#8221; delay_duration=&#8221;&#8221; delay_offset=&#8221;&#8221; top_and_bottom_padding=&#8221;&#8221; left_and_right_padding=&#8221;&#8221; width=&#8221;1\/1&#8243;][\/vc_column][\/vc_row]<\/p>\n","protected":false},"author":1,"featured_media":0,"parent":0,"menu_order":0,"comment_status":"closed","ping_status":"closed","template":"","meta":{"footnotes":""},"class_list":["post-1445","page","type-page","status-publish","hentry"],"_links":{"self":[{"href":"https:\/\/www.veronicalopez.cl\/index.php\/wp-json\/wp\/v2\/pages\/1445","targetHints":{"allow":["GET"]}}],"collection":[{"href":"https:\/\/www.veronicalopez.cl\/index.php\/wp-json\/wp\/v2\/pages"}],"about":[{"href":"https:\/\/www.veronicalopez.cl\/index.php\/wp-json\/wp\/v2\/types\/page"}],"author":[{"embeddable":true,"href":"https:\/\/www.veronicalopez.cl\/index.php\/wp-json\/wp\/v2\/users\/1"}],"replies":[{"embeddable":true,"href":"https:\/\/www.veronicalopez.cl\/index.php\/wp-json\/wp\/v2\/comments?post=1445"}],"version-history":[{"count":38,"href":"https:\/\/www.veronicalopez.cl\/index.php\/wp-json\/wp\/v2\/pages\/1445\/revisions"}],"predecessor-version":[{"id":6647,"href":"https:\/\/www.veronicalopez.cl\/index.php\/wp-json\/wp\/v2\/pages\/1445\/revisions\/6647"}],"wp:attachment":[{"href":"https:\/\/www.veronicalopez.cl\/index.php\/wp-json\/wp\/v2\/media?parent=1445"}],"curies":[{"name":"wp","href":"https:\/\/api.w.org\/{rel}","templated":true}]}}